*z - z**2 + 6 - z - 5*z + 22*z. Let v be a(8). Suppose -111 = v*w - 477. List the prime factors of w.
61
Suppose 0 = 2*p - 5*x - 10, 0*p + 2*p - 3*x - 14 = 0. Suppose -9673 = -p*l - 3203. List the prime factors of l.
647
Suppose s = -4*p + 2145, 4*p = 7*s - 3*s - 8680. List the prime factors of s.
5, 433
Let g(a) = -16*a**3 - 9*a + 7. Let m(j) = 47*j**3 + 28*j - 23. Let q(c) = 7*g(c) + 2*m(c). List the prime factors of q(-3).
2, 3, 5, 17
Suppose 24161 = 7*q - 3*a, -5*q + a = -9*q + 13790. What are the prime factors of q?
3449
Let z(u) = 195*u**2 - 19*u + 26. List the prime factors of z(-3).
2, 919
Suppose 0 = 21*d - 68067 + 8536 - 20437. List the prime factors of d.
2, 7, 17
Let m(g) = 4*g**2 + 10*g + 35. Let u be m(-22). Suppose 0*y - 2*t - 692 = -2*y, -2*t = 5*y - u. List the prime factors of y.
349
Let x(k) = -k**2 - 6*k + 18. Let z be x(-8). Let q be 11/((-11)/24) - (z - 2). Let i(p) = -p**2 - 31*p - 37. What are the prime factors of i(q)?
131
Let j be (-2 + 7)*(3 - 4). Let a(g) = -3*g**3 - 7*g**2 - 6*g + 5. What are the prime factors of a(j)?
5, 47
Let p be (4/18 + (-32)/(-72))*9. Let l be p/(-4)*(4/(-12) - 1). Suppose 105 = t + 4*x, 0 = -0*t + t - l*x - 81. List the prime factors of t.
89
Suppose 6*m = -35*m + 14432. List the prime factors of m.
2, 11
Let s = -20021 + 79947. What are the prime factors of s?
2, 19, 83
Let k = 326 + 5542. What are the prime factors of k?
2, 3, 163
Suppose -m = -4, -6*v + 2*m = -10*v + 47608. What are the prime factors of v?
2, 5, 7, 17
Let t be 2/((-6)/2*(-14)/105). Suppose -4*i + 3*h = 2*h - 927, 4*i = t*h + 939. List the prime factors of i.
3, 7, 11
Suppose -3*p - 473 = -2*w, -5*w - p + 1157 = -0*p. Let f = w - 117. List the prime factors of f.
5, 23
Suppose 0 = -34*k + 132*k - 704620. What are the prime factors of k?
2, 5, 719
Suppose 7*o - 6*o - 11 = 0. Let l = 2 + 12. Suppose 4*i - o = h, l = 5*i - 2*h + 4. List the prime factors of i.
2
Suppose 0 = 7*d - 39076 - 63607. Suppose -11*j + 709 = -d. What are the prime factors of j?
2, 3, 233
Let t(s) = 19*s - 3. Let x be t(2). Suppose 4*b - 60 = 4*u, -b + 0*b = 3*u - x. Suppose -2*w = -b - 12. List the prime factors of w.
2
Let i = 11589 - 3191. What are the prime factors of i?
2, 13, 17, 19
Let l(s) = 2*s**2 - 18*s - 31. Let b(y) = y**2 - 9*y - 15. Let j(v) = -11*b(v) + 6*l(v). List the prime factors of j(15).
3, 23
Let i = -2 + 2. Suppose i*x = -x - x. Suppose -4*w + 4*g + 244 = x, 34 + 19 = w + g. What are the prime factors of w?
3, 19
Let t = 44873 - 30328. What are the prime factors of t?
5, 2909
Suppose 605206 + 522048 = 34*o + 324514. What are the prime factors of o?
2, 3, 5, 787
Suppose 3*y = b - 11, -7*y = -5*b - 2*y + 25. Suppose 5*i - a - 5 - 145 = 0, b*i = 2*a + 68. Suppose -i - 57 = -2*o. What are the prime factors of o?
43
Let k be (0 - (20 - -1))*32/(-32). Suppose -y - 3 = -4*l, 2*y + 0*y + k = 3*l. What are the prime factors of 0 - (2/(-6) + 865/y)?
2, 29
Suppose 22459 = 3*a + 30*t - 31*t, -5*t = -a + 7505. List the prime factors of a.
3, 5, 499
Suppose -127*q + 2491486 = 6*q - 6*q. List the prime factors of q.
2, 17, 577
Let m = -98 - -102. What are the prime factors of 25916/93 + (m/(-6))/1?
2, 139
Suppose -375*k - 2*n = -379*k + 5596, 0 = 5*k + 6*n - 6995. What are the prime factors of k?
1399
Let o be (10 - (-63)/(-6))*(-2174 + -2). Suppose 1091*l - o*l - 333 = 0. List the prime factors of l.
3, 37
Suppose 3*w - 42 = w - 2*j, 3*j = 4*w - 84. Let f = w + -21. Suppose f = k - 2 - 0, -4*k = -3*x + 100. List the prime factors of x.
2, 3
Let p = 74188 + -49248. What are the prime factors of p?
2, 5, 29, 43
Let i(g) = 20 - 3*g**3 - 2*g**2 + 2*g**3 - 6*g**2 + 17 + 25*g - 8. List the prime factors of i(-12).
5, 61
Let p = -1786 + 2837. Let w = p + -737. What are the prime factors of w?
2, 157
List the prime factors of 2/12*-12219*(-1 + 0 + -7).
2, 4073
Let r(k) = -k**2 + 17*k - 11. Let q be r(16). Suppose -q*n - 35 = -60. Suppose 479 = n*i + 2*j, 3*i + 7*j = 2*j + 276. List the prime factors of i.
97
Let c(l) = -2*l**3 + 74*l**2 + 38*l - 92. List the prime factors of c(28).
2, 3, 419
Let b be (-13 + 12)*(0 - 27). Let k(o) = -26*o + 68 + 74*o - 27*o + o**2 - b*o. List the prime factors of k(0).
2, 17
Let q be -581 - (-3 + 5)*-1. Let c = 1218 + q. What are the prime factors of c?
3, 71
Suppose 370 = 13*f - 8*f. Suppose -1449 = f*u - 83*u. What are the prime factors of u?
7, 23
Let i(d) = 9*d**2 - 13*d - 12. Let v be i(6). Suppose -8 + 113 = 2*r - 5*s, 0 = -5*r + 3*s + v. Suppose r - 485 = -5*f. What are the prime factors of f?
2, 11
Let r = 15863 - -16793. What are the prime factors of r?
2, 13, 157
Suppose -d = 3*c - 139, 17*c = 12*c + d + 229. Let f(t) = 28*t - 212. List the prime factors of f(c).
2, 269
Suppose 5*j + 181 = 3*g, 0*g - 5*j + 47 = g. Let t = g - 59. List the prime factors of 1/(t/(-8)) + 6.
2, 5
Suppose 5 = -m + 9. Suppose 0*g - 4*a - 12 = m*g, 0 = -2*g + 5*a + 29. List the prime factors of ((-501)/12)/(g + (-36)/16).
167
Let i(r) = 2*r**2 - 21*r + 22. Let o(n) = -3*n**2 + 22*n - 23. Let w(l) = -4*i(l) - 3*o(l). List the prime factors of w(-20).
3, 7
Suppose 18*s + 9 = 9*s. List the prime factors of ((1528/2)/(-4))/s.
191
Let t(o) = -2*o**3 + o**2 + 2*o + 510. Suppose -2*r - 4 = 2*r, -p + 3 = -3*r. List the prime factors of t(p).
2, 3, 5, 17
Let j(l) = 1. Let t(y) = 4*y + 21. Suppose 0 = 4*v - 4, 3*v + 19 = -4*h + 6*v. Let p(d) = h*j(d) - 2*t(d). List the prime factors of p(-11).
2, 3, 7
Let n(h) = -6*h - 24. Let o be n(-7). Let p be 6/4*48/o. Let v(w) = 8*w**2 - w + 2. What are the prime factors of v(p)?
2, 3, 7
Let h = -73660 + 111208. What are the prime factors of h?
2, 3, 7, 149
Let q be (44/(-10))/11 + 56/(-10). Let f(b) = b**3 + 11*b**2 + 12*b - 11. What are the prime factors of f(q)?
97
Let f be -1 - 0 - (4 - 1)/(-1). Suppose -f*o + 6 = -4. Suppose 5*l + 67 - 397 = 5*t, o*t - 15 = 0. What are the prime factors of l?
3, 23
Let z(r) = 743*r - 79. Let u be z(-3). Let b = -573 - u. What are the prime factors of b?
5, 347
Let l = 391 - 13. List the prime factors of ((-28)/(6*3/l))/(-1).
2, 3, 7
List the prime factors of 14 - 1 - (-144 - 5215).
2, 17, 79
Suppose 4*h + 55 - 271 = 0. Suppose 58*p = 47*p - 44. What are the prime factors of -3*9/(h/p)?
2
Let n be 9/15 + (-54435)/(-25) + 2. Suppose -8*b + 1564 = -n. What are the prime factors of b?
2, 3, 13
Suppose -5*r + 793 = 2*t + 2*t, 773 = 4*t + r. Suppose -4*v = -v - t. Suppose z - 2*l - 206 = -2*z, 0 = z - 3*l - v. List the prime factors of z.
2, 5, 7
Let h(y) = 2*y**3 - 3*y**2 - 2*y + 6. Let b = -17 + 39. Suppose 2*z + b = 28. What are the prime factors of h(z)?
3
Let o be (-11)/(462/(-144))*-7. What are the prime factors of ((-4)/6)/(o/7092)?
197
Let r = -59772 + 111083. List the prime factors of r.
13, 3947
Let k(y) = 3*y - 2. Let r be k(5). Suppose 0 = -b + 2*m + r, 5 = -m - 0*m. Let q(w) = 17*w**2 + w - 3. List the prime factors of q(b).
3, 17
Let r(o) = -o**2 - 2*o + 1. Let n be r(2). Let l = n + 25. Suppose 0 = w + w + 2*y - 20, -4*y + l = 2*w. What are the prime factors of w?
11
Suppose 0 = -47*f + 49*f + 20. List the prime factors of (-6626)/(-8) + (f/(-8))/(-5).
2, 3, 23
Let c(g) = 766*g**3 - 14*g**2 + 38*g - 48. List the prime factors of c(4).
2, 6113
Let y be 18/(-2)*(-2)/((-30)/(-10405)). Suppose 17*k - 1424 - y = 0. What are the prime factors of k?
11, 41
Let g(u) = 33*u + 9. Suppose -3*q = -6 - 27. Let d be g(q). Let n = d - 263. List the prime factors of n.
109
Let g = -200 - -537. Let w = g + -205. What are the prime factors of w?
2, 3, 11
Suppose 2*z + 10 = 14. Suppose -2*v + 196 + 262 = -5*o, 0 = 2*v + z*o - 458. List the prime factors of v.
229
Let m = -434 - -438. Suppose -19*u + 15540 = -m*u. List the prime factors of u.
2, 7, 37
Suppose -11*q + 12*q = 4*p - 587, -3*p = -q - 441. Let s be (84 + (-1 - 0))*-1. Let g = p + s. What are the prime factors of g?
3, 7
Suppose 5*g + s - 9 = 2*g, -2*g + 4*s - 8 = 0. Suppose -2*q = -a - 950, 926 = g*q + 5*a - 0*a. List the prime factors of q.
11, 43
Suppose -19*x + 20550 + 17830 = 0. What are the prime factors of x?
2, 5, 101
Suppose u = 13 - 4. List the prime factors of u/54 - (-845)/6.
3, 47
Let o(k) = 3*k**3 - 5*k - 23. Let u(w) = 4*w**3 - 7*w - 34. Let x(j) = 7*o(j) - 5*u(j). Let p be x(0). Suppose r = p +